. List the prime factors of q.
2, 7, 31
Let l be ((-4)/10)/((-2)/(-10)). Let q(y) = -y**2 - 4*y - 13. Let o(i) = 2*i + 6. Let b(u) = -9*o(u) - 4*q(u). List the prime factors of b(l).
2, 3
Let c = -12 - -12. Suppose c*k - 2*t - 214 = -2*k, 20 = -4*t. List the prime factors of k.
2, 3, 17
List the prime factors of (55250/51)/(-13)*57/(-2).
5, 19
Let x = 24 - 7. Suppose -3*o + 8*o + 4*j - 85 = 0, -o = 5*j - x. What are the prime factors of o?
17
Let l(z) be the first derivative of 11*z**2 - 3*z + 18. What are the prime factors of l(2)?
41
Let x(c) = -11*c - c**2 + 10 + 5*c + 3 - 5*c. Suppose -5 = b + 6. List the prime factors of x(b).
13
Suppose -3*k - j + 27 = 0, -18 = -0*k - 2*k + j. Suppose 3 = -6*x + k*x, -4*x + 185 = q. List the prime factors of q.
181
Let l = 238 - 164. List the prime factors of l.
2, 37
Let y(q) = -14*q - 32. Let p(c) = -5*c - 11. Let w(o) = 17*p(o) - 6*y(o). What are the prime factors of w(-4)?
3
Let i = 1096 + 2345. What are the prime factors of i?
3, 31, 37
Let q = 31 + -3. Let k = q - 52. Let z = k - -43. List the prime factors of z.
19
Suppose -14*o - 6 = -12*o. List the prime factors of (-7 + 0)*(o + -1).
2, 7
Let n(z) = 6*z**2 - z + 4. Let q be n(3). List the prime factors of q/(-2)*-2 + -3.
2, 13
Let c = -17 + 20. Suppose h - c*h = -40. List the prime factors of h.
2, 5
Suppose 13*i + 75 = 10*i. Let b = 25 + i. Suppose -w + 3*w = 4*m - 164, -m + w + 42 = b. What are the prime factors of m?
2, 5
Let d(h) = 10*h - 4 - 13*h - 12*h - 7. List the prime factors of d(-4).
7
Suppose -32*x = -34*x - 82. Let a = 92 - x. Suppose 2*k = -9 + a. List the prime factors of k.
2, 31
Suppose -14*t + 9865 = -1657. List the prime factors of t.
823
Let v(n) = 2*n - 9. Let g be v(6). Suppose 1 + g = 2*k. Suppose -k*a - 70 = -7*a. What are the prime factors of a?
2, 7
Suppose 4*o - 3*s + 4 = 2*o, s + 16 = 5*o. Let j be (2 - 0) + o + -1. Suppose 0 = -j*z + 15 - 5. What are the prime factors of z?
2
Let c be -4*(-4)/8*3. Suppose -v - v = -c. Suppose 2*d - 91 = -3*w, 2*d - v*w = -8*w + 101. What are the prime factors of d?
2, 19
Suppose -13 = -18*q + 17*q. Let t(h) = h**2 - 6*h - 32. What are the prime factors of t(q)?
59
Suppose 0 = -5*h - 4*p + 34, 6*p - 3*p = 3. Let t = -618 + 622. Suppose -2*n + h*n - s = 217, t*n = -2*s + 214. List the prime factors of n.
2, 3
Suppose -4*u + 1171 = -3*n, -152 = -u + n + 142. What are the prime factors of u?
17
Let w(o) = -o**2 - 1. Let p(y) = y**2 - 8*y - 7. Let d(m) = -p(m) - 2*w(m). List the prime factors of d(-10).
29
Let b be 2/8 - 269/4. Let h = 82 + -118. Let a = h - b. What are the prime factors of a?
31
Let h(f) = 31*f + 2 - 27 + 5*f - 5. List the prime factors of h(7).
2, 3, 37
Suppose 0 = -3*i + 1 + 5. Suppose 2*p - 2*k - 8 = -2*p, 12 = 5*p - i*k. Suppose 73 = p*b - 83. What are the prime factors of b?
3, 13
Let m(i) be the first derivative of i**4/4 + 10*i**3/3 + 8*i + 9. What are the prime factors of m(-10)?
2
Let u = 56 + 68. What are the prime factors of u?
2, 31
Let w(x) = -3*x**2 + 5*x + 1. Let k(j) = -3*j**2 + 4*j + 1. Let v(g) = -4*k(g) + 3*w(g). What are the prime factors of v(6)?
101
Suppose 13*x - 22*x = -34083. What are the prime factors of x?
7, 541
Suppose 4*y + 2048 = 4*s, -3*s + 1542 = -13*y + 8*y. What are the prime factors of s?
509
Let c = -197 - -138. Let d = 0 - c. What are the prime factors of d?
59
Suppose -7*u + 2*u = -35. Suppose 400 = u*p - 2*p. What are the prime factors of p?
2, 5
Let b be 45/(-1*12/(-152)). Let q be b/(-25) + (-1)/5. Let n = q + 43. What are the prime factors of n?
2, 5
Let b(s) = -2*s**2 - 68 - 2*s**3 + 69 - s**3. Let l be b(-1). List the prime factors of l + 36/3 - 0.
2, 7
Let u(q) be the third derivative of q**6/720 + 11*q**5/60 + q**4/6 - q**2. Let h(w) be the second derivative of u(w). What are the prime factors of h(-9)?
13
Suppose -3*w = -0 - 42. Suppose -5*g - 2*y + 24 = 0, -g - g + w = 3*y. Suppose -r + g = -16. What are the prime factors of r?
2, 5
Let h be ((-4)/10)/((-2)/(-20)). Let o = 72 - 16. List the prime factors of (-1 - h)/(12/o).
2, 7
Let s(z) = -62*z**3 + 2*z**2 - 6*z + 1. Let b(w) = -21*w**3 + w**2 - 2*w. Let p(g) = 8*b(g) - 3*s(g). List the prime factors of p(2).
3, 17
Let f(h) = -156*h + 360. What are the prime factors of f(-14)?
2, 3, 53
Let a be ((-9)/12)/(2/(-8)). Suppose a*y - 4*y + 3 = 0. Suppose -y*c - 72 = -0*x - 3*x, 75 = 3*x - 4*c. List the prime factors of x.
3, 7
Suppose 6*l + 417 = 1749. Suppose 0 = 6*w - l. List the prime factors of w.
37
Suppose -9*j = 169 + 146. List the prime factors of (-4606)/j + 4/10.
2, 3, 11
Suppose 3897 = 17*g - 795. List the prime factors of g.
2, 3, 23
Let w(i) = -i**3 + 12*i**2 - 11*i - 15. Let f be w(12). Let s = 241 + f. List the prime factors of s.
2, 47
List the prime factors of 23245*16/200 + (-2)/(-5).
2, 3, 5, 31
Let c be 1*0/(-2) - -39. Let j = 61 + c. What are the prime factors of j?
2, 5
Suppose i - 6*h - 2036 = -9*h, 4*h = -5*i + 10125. What are the prime factors of i?
43, 47
Suppose 0 = 4*o + 3*g + 5, 4 = 5*o - 5*g + 19. Let v be (-54*4)/(3/o). Suppose 2*i - i - 2*q - 50 = 0, -3*i + 4*q = -v. What are the prime factors of i?
2, 11
Let s = 437 + -736. Let j = s + -73. What are the prime factors of j/(-15) - (-1)/5?
5
Suppose -51*p - 20153 = -58*p. What are the prime factors of p?
2879
Let p(z) be the first derivative of 5/3*z**3 - 1/4*z**4 + z + 7/2*z**2 - 2. What are the prime factors of p(6)?
7
Suppose 41*d - 9477 = 7579. What are the prime factors of d?
2, 13
Let p(h) = h**2 - 27*h + 31. Let w be p(26). Suppose -4*q - 178 = -w*q + 2*n, -3*q + 532 = -5*n. What are the prime factors of q?
2, 3, 29
Let g be (2 - 1)*(-11 + 9). Let x(v) = v**2. Let j be x(g). What are the prime factors of j/8 - (-5)/2?
3
Let s(v) = -5*v - 19. Let y be s(-5). Let k be (11/2)/(y/60). Let b = 91 - k. List the prime factors of b.
2, 3
Suppose 5*f = n + f + 19, -3*n + 2*f = 67. Let m = n - -44. What are the prime factors of m?
3, 7
Suppose -293 = -z + 443. List the prime factors of z.
2, 23
Let m be 334 - (-2 + 3)*2. What are the prime factors of (-8)/24 + m/6?
5, 11
Let v(s) = 71*s + 20. Let r be v(5). Let p = r + -266. What are the prime factors of p?
109
Let y = 62 + -57. Suppose 2*o = y*h - 627, 0*h - 2*o = -h + 127. List the prime factors of h.
5
Let k be 2/5 - (-249)/15. Suppose -x + 3*u - 5 = 0, 4*x - u - k = x. Let l(d) = d**2 + 2*d - 12. What are the prime factors of l(x)?
3, 17
Suppose -11*g = -g - 12570. List the prime factors of g.
3, 419
Suppose -2*l - 11 = -3*x - 0*x, 0 = -l + 3*x - 13. Suppose -7 = 5*z + l*o, o + 1 - 2 = -z. List the prime factors of (-16)/z*3 - 3.
13
Let d(o) = 5*o**2 - 60*o - 218. List the prime factors of d(-22).
2, 3, 587
Suppose 0 = -5*u - 25, 0 = t + 4*u + 9 + 10. Let x be (25 - 11) + 2 + t. Suppose -x*l - 240 = -21*l. What are the prime factors of l?
2, 3, 5
Suppose 0 = -s - 0*s + 3*s. Suppose s = 3*z - 118 - 68. List the prime factors of z.
2, 31
Suppose 348 + 12 = 3*u. Suppose z - u = -2*z. What are the prime factors of 890/z - 3/(-4)?
23
Suppose 332 + 455 = v. List the prime factors of v.
787
Let n(f) = 42*f + 401. What are the prime factors of n(59)?
2879
Let o(j) = -2 + 3 - 3*j - 2 + 10*j - 4. Let q = 16 - 5. List the prime factors of o(q).
2, 3
Let g = 350 + -198. Suppose -5*o - 2*t + 247 - 57 = 0, g = 4*o - 2*t. List the prime factors of o.
2, 19
Suppose 0 = 9*x - 17239 + 3577. What are the prime factors of x?
2, 3, 11, 23
Suppose -94530 = -29*x + 13089. List the prime factors of x.
3, 1237
Let h(i) = -i**3 - 19*i**2 - 28*i + 35. What are the prime factors of h(-21)?
5, 7, 43
Let a = 337 - 8. What are the prime factors of a?
7, 47
Let p = -49 - -58. Suppose -21*f + 1668 = -p*f. What are the prime factors of f?
139
Let s(u) be the second derivative of -u**5/20 + 5*u**4/4 + u**3/6 - u**2/2 - 5*u. Let q be s(15). What are the prime factors of (0 - 2)/(q/(-49))?
7
Let f = -953 - -1880. List the prime factors of f.
3, 103
Let r = 1092 - 593. List the prime factors of r.
499
Let x(b) = b**2 - 12*b + 38. Let d be x(7). Let i(l) = l**2 - 2*l + 1. Let m be i(-2). Suppose m = d*c - 27. List the prime factors of c.
2, 3
Let k = 270 - -340. What are the prime factors of k?
2, 5, 61
Let k(p) = -p**3 + 5*p**2 + 4*p + 1101. List the prime factors of k(0).
3, 3